{"id":1249,"date":"2016-10-28T10:24:26","date_gmt":"2016-10-28T10:24:26","guid":{"rendered":"http:\/\/jordinabiosca.com\/portfolio\/items\/gost-la-merce\/"},"modified":"2019-11-18T10:57:36","modified_gmt":"2019-11-18T10:57:36","slug":"gost-la-merce","status":"publish","type":"royal_portfolio","link":"https:\/\/jordinabiosca.com\/es\/portfolio\/items\/gost-la-merce\/","title":{"rendered":"Gost, La Merc\u00e8"},"content":{"rendered":"<p>&nbsp;<\/p>\n<div class=\"su-youtube su-u-responsive-media-yes\"><iframe loading=\"lazy\" width=\"600\" height=\"400\" src=\"https:\/\/www.youtube.com\/embed\/tcbB_-Xl5is?autohide=1&amp;autoplay=0&amp;mute=0&amp;controls=0&amp;fs=1&amp;loop=0&amp;modestbranding=1&amp;rel=0&amp;showinfo=1&amp;theme=dark&amp;wmode=&amp;playsinline=0\" frameborder=\"0\" allowfullscreen allow=\"autoplay; encrypted-media; picture-in-picture\" title=\"\"><\/iframe><\/div>\n<p><strong>ESPECTACLE NO DISPONIBLE<\/strong><\/p>\n<p style=\"text-align: left;\"><strong>Actrius:<\/strong> Jordina Biosca (text), Sylvia Kuchinow (manipulaci\u00f3 de la llum), Anna Subirana (cant)<br \/>\n<strong>P\u00fablic: <\/strong>Adult i\/o adolescent<br \/>\n<strong>Durada: <\/strong>1h (20\u2019 expo i documental+ 40\u2019 espectacle)<br \/>\n<strong>Pr\u00e8via a l\u2019espectacle:\u00a0<\/strong>Petita exposici\u00f3 del material i fotografies de l\u2019artista i documental<\/p>\n<p>Hem treballat l\u2019espectacle \u00abGost, la Merc\u00e8\u00bb a partir de la seva obra. El proc\u00e9s ha estat des de la creaci\u00f3 col\u00b7lectiva aportant cadascuna les nostres arts, l\u2019Anna Subirana, la veu i la m\u00fasica, la Jordina Biosca, la narraci\u00f3 i la Sylvia Kuchinow, la llum i l\u2019ombra. Hem fixat moments improvisats per crear un llenguatge af\u00ed i \u00edntim entre la imatge, la veu, la m\u00fasica i els espectadors.<\/p>\n<p>M\u00fasica, text i llum protagonitzen aquest espectacle-homenatge a la Merc\u00e8 Gost, l\u2019artista que va revolucionar el teatre d\u2019ombres dins la cultura contempor\u00e0nia mundial.<\/p>\n<p>Un\u00a0conte taoista, les can\u00e7ons, la m\u00fasica i l&#8217;ombra evoquen la seva mirada, l\u2019\u00e0nima, l\u2019entusiasme, la creativitat i les llums i ombres d&#8217;aquesta gran artista.<\/p>\n<p>&nbsp;<\/p>\n<p><a href=\"http:\/\/jordinabiosca.com\/wp-content\/uploads\/2016\/09\/14289896_193044507782516_4854757739985037149_o.jpg\"><img loading=\"lazy\" decoding=\"async\" class=\"alignnone wp-image-670 size-full\" src=\"http:\/\/jordinabiosca.com\/wp-content\/uploads\/2016\/09\/14289896_193044507782516_4854757739985037149_o.jpg\" alt=\"14289896_193044507782516_4854757739985037149_o\" width=\"1181\" height=\"664\" srcset=\"https:\/\/jordinabiosca.com\/wp-content\/uploads\/2016\/09\/14289896_193044507782516_4854757739985037149_o.jpg 1181w, https:\/\/jordinabiosca.com\/wp-content\/uploads\/2016\/09\/14289896_193044507782516_4854757739985037149_o-300x169.jpg 300w, https:\/\/jordinabiosca.com\/wp-content\/uploads\/2016\/09\/14289896_193044507782516_4854757739985037149_o-768x432.jpg 768w, https:\/\/jordinabiosca.com\/wp-content\/uploads\/2016\/09\/14289896_193044507782516_4854757739985037149_o-1024x576.jpg 1024w\" sizes=\"auto, (max-width: 1181px) 100vw, 1181px\" \/><\/a><\/p>\n<p>&nbsp;<\/p>\n<p>Des dels seus inicis, hem viscut l\u2019evoluci\u00f3 del treball de la Merc\u00e8 i el seu art, tant participant amb la creaci\u00f3 col\u00b7lectiva d\u2019alguns dels seus, com d\u2019altres tipus de col\u00b7laboracions, ajudanties, programacions i espectadores i fans de la seva feina.<\/p>\n<p>L\u2019Anna Subirana i la Sylvia Kuchinow vam participar en la creaci\u00f3 de l\u2019espectacle Trans Fugues que es va estrenar al Teatre Zorrilla a Badalona el 29 de Mar\u00e7 de 1999. L\u2019Anna tamb\u00e9 va col\u00b7laborar en la creaci\u00f3 de la m\u00fasica de l\u2019espectacle la Llum del vi.<\/p>\n<p>&nbsp;<\/p>\n<p><a href=\"http:\/\/jordinabiosca.com\/wp-content\/uploads\/2016\/09\/GOST_24.jpg\"><img loading=\"lazy\" decoding=\"async\" class=\"alignnone wp-image-677 size-full\" src=\"http:\/\/jordinabiosca.com\/wp-content\/uploads\/2016\/09\/GOST_24.jpg\" width=\"1920\" height=\"1080\" srcset=\"https:\/\/jordinabiosca.com\/wp-content\/uploads\/2016\/09\/GOST_24.jpg 1920w, https:\/\/jordinabiosca.com\/wp-content\/uploads\/2016\/09\/GOST_24-300x169.jpg 300w, https:\/\/jordinabiosca.com\/wp-content\/uploads\/2016\/09\/GOST_24-768x432.jpg 768w, https:\/\/jordinabiosca.com\/wp-content\/uploads\/2016\/09\/GOST_24-1024x576.jpg 1024w\" sizes=\"auto, (max-width: 1920px) 100vw, 1920px\" \/><\/a><\/p>\n<p>&nbsp;<\/p>\n<p>Per qu\u00e8 hem volgut fer un espectacle-homenatge a la Merc\u00e8? Doncs perqu\u00e8 varem considerar que malgrat la seva gran qualitat art\u00edstica, el seu treball era poc conegut. Volem que la gent recordi i gaudeixi de la tasca d\u2019aquesta artista innovadora del teatre d\u2019ombres. Aix\u00f2 ha significat un gran repte. Amb humilitat hem creat aquest espectacle que ve acompanyat d\u2019un v\u00eddeo i una exposici\u00f3 de la vida i l\u2019obra de la Merc\u00e8 Gost.<\/p>\n<p>Per l\u2019espectacle fem servir part de l\u2019escenografia de Trans Fugues, objectes i algunes de les seves llums i lots.<\/p>\n<p>Vam estrenar l\u2019espectacle dins de l\u2019\u00e0mbit del Festival EVA, En Veu Alta 2016 a les caves Jaume Gir\u00f3 Gir\u00f3 de Sant Sadurn\u00ed d\u2019Anoia, el poble on va n\u00e9ixer la Merc\u00e8.<\/p>\n<p>&nbsp;<\/p>\n[vc_masonry_media_grid element_width=\u00bb6&#8243; grid_id=\u00bbvc_gid:1515525805344-dcc1f81b-4144-1&#8243; include=\u00bb1255,1256,1258,1257,680,684,686,683&#8243;]\n","protected":false},"featured_media":1251,"comment_status":"open","ping_status":"closed","template":"","format":"standard","class_list":["post-1249","royal_portfolio","type-royal_portfolio","status-publish","format-standard","has-post-thumbnail","hentry","royal_portfolio_cats-historico","royal_portfolio_cats-adultos"],"yoast_head":"<!-- This site is optimized with the Yoast SEO plugin v25.3 - https:\/\/yoast.com\/wordpress\/plugins\/seo\/ -->\n<title>Gost, La Merc\u00e8 - Jordina Biosca<\/title>\n<meta name=\"robots\" content=\"index, follow, max-snippet:-1, max-image-preview:large, max-video-preview:-1\" \/>\n<link rel=\"canonical\" href=\"https:\/\/jordinabiosca.com\/es\/portfolio\/items\/gost-la-merce\/\" \/>\n<meta property=\"og:locale\" content=\"es_ES\" \/>\n<meta property=\"og:type\" content=\"article\" \/>\n<meta property=\"og:title\" content=\"Gost, La Merc\u00e8 - Jordina Biosca\" \/>\n<meta property=\"og:description\" content=\"&nbsp; ESPECTACLE NO DISPONIBLE Actrius: Jordina Biosca (text), Sylvia Kuchinow (manipulaci\u00f3 de la llum), Anna Subirana (cant) P\u00fablic: Adult i\/o adolescent Durada: 1h (20\u2019 expo i documental+ 40\u2019 espectacle) Pr\u00e8via [&hellip;]\" \/>\n<meta property=\"og:url\" content=\"https:\/\/jordinabiosca.com\/es\/portfolio\/items\/gost-la-merce\/\" \/>\n<meta property=\"og:site_name\" content=\"Jordina Biosca\" \/>\n<meta property=\"article:modified_time\" content=\"2019-11-18T10:57:36+00:00\" \/>\n<meta property=\"og:image\" content=\"https:\/\/jordinabiosca.com\/wp-content\/uploads\/2016\/09\/14231988_193041494449484_6862615739403247348_o.jpg\" \/>\n\t<meta property=\"og:image:width\" content=\"1179\" \/>\n\t<meta property=\"og:image:height\" content=\"1179\" \/>\n\t<meta property=\"og:image:type\" content=\"image\/jpeg\" \/>\n<meta name=\"twitter:card\" content=\"summary_large_image\" \/>\n<meta name=\"twitter:label1\" content=\"Tiempo de lectura\" \/>\n\t<meta name=\"twitter:data1\" content=\"2 minutos\" \/>\n<script type=\"application\/ld+json\" class=\"yoast-schema-graph\">{\"@context\":\"https:\/\/schema.org\",\"@graph\":[{\"@type\":\"WebPage\",\"@id\":\"https:\/\/jordinabiosca.com\/es\/portfolio\/items\/gost-la-merce\/\",\"url\":\"https:\/\/jordinabiosca.com\/es\/portfolio\/items\/gost-la-merce\/\",\"name\":\"Gost, La Merc\u00e8 - Jordina Biosca\",\"isPartOf\":{\"@id\":\"https:\/\/jordinabiosca.com\/#website\"},\"primaryImageOfPage\":{\"@id\":\"https:\/\/jordinabiosca.com\/es\/portfolio\/items\/gost-la-merce\/#primaryimage\"},\"image\":{\"@id\":\"https:\/\/jordinabiosca.com\/es\/portfolio\/items\/gost-la-merce\/#primaryimage\"},\"thumbnailUrl\":\"https:\/\/jordinabiosca.com\/wp-content\/uploads\/2016\/09\/14231988_193041494449484_6862615739403247348_o.jpg\",\"datePublished\":\"2016-10-28T10:24:26+00:00\",\"dateModified\":\"2019-11-18T10:57:36+00:00\",\"breadcrumb\":{\"@id\":\"https:\/\/jordinabiosca.com\/es\/portfolio\/items\/gost-la-merce\/#breadcrumb\"},\"inLanguage\":\"es\",\"potentialAction\":[{\"@type\":\"ReadAction\",\"target\":[\"https:\/\/jordinabiosca.com\/es\/portfolio\/items\/gost-la-merce\/\"]}]},{\"@type\":\"ImageObject\",\"inLanguage\":\"es\",\"@id\":\"https:\/\/jordinabiosca.com\/es\/portfolio\/items\/gost-la-merce\/#primaryimage\",\"url\":\"https:\/\/jordinabiosca.com\/wp-content\/uploads\/2016\/09\/14231988_193041494449484_6862615739403247348_o.jpg\",\"contentUrl\":\"https:\/\/jordinabiosca.com\/wp-content\/uploads\/2016\/09\/14231988_193041494449484_6862615739403247348_o.jpg\",\"width\":1179,\"height\":1179},{\"@type\":\"BreadcrumbList\",\"@id\":\"https:\/\/jordinabiosca.com\/es\/portfolio\/items\/gost-la-merce\/#breadcrumb\",\"itemListElement\":[{\"@type\":\"ListItem\",\"position\":1,\"name\":\"Portada\",\"item\":\"https:\/\/jordinabiosca.com\/es\/\"},{\"@type\":\"ListItem\",\"position\":2,\"name\":\"Gost, La Merc\u00e8\"}]},{\"@type\":\"WebSite\",\"@id\":\"https:\/\/jordinabiosca.com\/#website\",\"url\":\"https:\/\/jordinabiosca.com\/\",\"name\":\"Jordina Biosca\",\"description\":\"Narradora i Actriu\",\"potentialAction\":[{\"@type\":\"SearchAction\",\"target\":{\"@type\":\"EntryPoint\",\"urlTemplate\":\"https:\/\/jordinabiosca.com\/?s={search_term_string}\"},\"query-input\":{\"@type\":\"PropertyValueSpecification\",\"valueRequired\":true,\"valueName\":\"search_term_string\"}}],\"inLanguage\":\"es\"}]}<\/script>\n<!-- \/ Yoast SEO plugin. -->","yoast_head_json":{"title":"Gost, La Merc\u00e8 - Jordina Biosca","robots":{"index":"index","follow":"follow","max-snippet":"max-snippet:-1","max-image-preview":"max-image-preview:large","max-video-preview":"max-video-preview:-1"},"canonical":"https:\/\/jordinabiosca.com\/es\/portfolio\/items\/gost-la-merce\/","og_locale":"es_ES","og_type":"article","og_title":"Gost, La Merc\u00e8 - Jordina Biosca","og_description":"&nbsp; ESPECTACLE NO DISPONIBLE Actrius: Jordina Biosca (text), Sylvia Kuchinow (manipulaci\u00f3 de la llum), Anna Subirana (cant) P\u00fablic: Adult i\/o adolescent Durada: 1h (20\u2019 expo i documental+ 40\u2019 espectacle) Pr\u00e8via [&hellip;]","og_url":"https:\/\/jordinabiosca.com\/es\/portfolio\/items\/gost-la-merce\/","og_site_name":"Jordina Biosca","article_modified_time":"2019-11-18T10:57:36+00:00","og_image":[{"width":1179,"height":1179,"url":"https:\/\/jordinabiosca.com\/wp-content\/uploads\/2016\/09\/14231988_193041494449484_6862615739403247348_o.jpg","type":"image\/jpeg"}],"twitter_card":"summary_large_image","twitter_misc":{"Tiempo de lectura":"2 minutos"},"schema":{"@context":"https:\/\/schema.org","@graph":[{"@type":"WebPage","@id":"https:\/\/jordinabiosca.com\/es\/portfolio\/items\/gost-la-merce\/","url":"https:\/\/jordinabiosca.com\/es\/portfolio\/items\/gost-la-merce\/","name":"Gost, La Merc\u00e8 - Jordina Biosca","isPartOf":{"@id":"https:\/\/jordinabiosca.com\/#website"},"primaryImageOfPage":{"@id":"https:\/\/jordinabiosca.com\/es\/portfolio\/items\/gost-la-merce\/#primaryimage"},"image":{"@id":"https:\/\/jordinabiosca.com\/es\/portfolio\/items\/gost-la-merce\/#primaryimage"},"thumbnailUrl":"https:\/\/jordinabiosca.com\/wp-content\/uploads\/2016\/09\/14231988_193041494449484_6862615739403247348_o.jpg","datePublished":"2016-10-28T10:24:26+00:00","dateModified":"2019-11-18T10:57:36+00:00","breadcrumb":{"@id":"https:\/\/jordinabiosca.com\/es\/portfolio\/items\/gost-la-merce\/#breadcrumb"},"inLanguage":"es","potentialAction":[{"@type":"ReadAction","target":["https:\/\/jordinabiosca.com\/es\/portfolio\/items\/gost-la-merce\/"]}]},{"@type":"ImageObject","inLanguage":"es","@id":"https:\/\/jordinabiosca.com\/es\/portfolio\/items\/gost-la-merce\/#primaryimage","url":"https:\/\/jordinabiosca.com\/wp-content\/uploads\/2016\/09\/14231988_193041494449484_6862615739403247348_o.jpg","contentUrl":"https:\/\/jordinabiosca.com\/wp-content\/uploads\/2016\/09\/14231988_193041494449484_6862615739403247348_o.jpg","width":1179,"height":1179},{"@type":"BreadcrumbList","@id":"https:\/\/jordinabiosca.com\/es\/portfolio\/items\/gost-la-merce\/#breadcrumb","itemListElement":[{"@type":"ListItem","position":1,"name":"Portada","item":"https:\/\/jordinabiosca.com\/es\/"},{"@type":"ListItem","position":2,"name":"Gost, La Merc\u00e8"}]},{"@type":"WebSite","@id":"https:\/\/jordinabiosca.com\/#website","url":"https:\/\/jordinabiosca.com\/","name":"Jordina Biosca","description":"Narradora i Actriu","potentialAction":[{"@type":"SearchAction","target":{"@type":"EntryPoint","urlTemplate":"https:\/\/jordinabiosca.com\/?s={search_term_string}"},"query-input":{"@type":"PropertyValueSpecification","valueRequired":true,"valueName":"search_term_string"}}],"inLanguage":"es"}]}},"_links":{"self":[{"href":"https:\/\/jordinabiosca.com\/es\/wp-json\/wp\/v2\/royal_portfolio\/1249","targetHints":{"allow":["GET"]}}],"collection":[{"href":"https:\/\/jordinabiosca.com\/es\/wp-json\/wp\/v2\/royal_portfolio"}],"about":[{"href":"https:\/\/jordinabiosca.com\/es\/wp-json\/wp\/v2\/types\/royal_portfolio"}],"replies":[{"embeddable":true,"href":"https:\/\/jordinabiosca.com\/es\/wp-json\/wp\/v2\/comments?post=1249"}],"wp:featuredmedia":[{"embeddable":true,"href":"https:\/\/jordinabiosca.com\/es\/wp-json\/wp\/v2\/media\/1251"}],"wp:attachment":[{"href":"https:\/\/jordinabiosca.com\/es\/wp-json\/wp\/v2\/media?parent=1249"}],"curies":[{"name":"wp","href":"https:\/\/api.w.org\/{rel}","templated":true}]}}

Gost, La Mercè

<p>&nbsp;</p>
<div class="su-youtube su-u-responsive-media-yes"><iframe loading="lazy" width="600" height="400" src="https://www.youtube.com/embed/tcbB_-Xl5is?autohide=1&amp;autoplay=0&amp;mute=0&amp;controls=0&amp;fs=1&amp;loop=0&amp;modestbranding=1&amp;rel=0&amp;showinfo=1&amp;theme=dark&amp;wmode=&amp;playsinline=0" frameborder="0" allowfullscreen allow="autoplay; encrypted-media; picture-in-picture" title=""></iframe></div>
<p><strong>ESPECTACLE NO DISPONIBLE</strong></p>
<p style="text-align: left;"><strong>Actrius:</strong> Jordina Biosca (text), Sylvia Kuchinow (manipulació de la llum), Anna Subirana (cant)<br />
<strong>Públic: </strong>Adult i/o adolescent<br />
<strong>Durada: </strong>1h (20’ expo i documental+ 40’ espectacle)<br />
<strong>Prèvia a l’espectacle: </strong>Petita exposició del material i fotografies de l’artista i documental</p>
<p>Hem treballat l’espectacle «Gost, la Mercè» a partir de la seva obra. El procés ha estat des de la creació col·lectiva aportant cadascuna les nostres arts, l’Anna Subirana, la veu i la música, la Jordina Biosca, la narració i la Sylvia Kuchinow, la llum i l’ombra. Hem fixat moments improvisats per crear un llenguatge afí i íntim entre la imatge, la veu, la música i els espectadors.</p>
<p>Música, text i llum protagonitzen aquest espectacle-homenatge a la Mercè Gost, l’artista que va revolucionar el teatre d’ombres dins la cultura contemporània mundial.</p>
<p>Un conte taoista, les cançons, la música i l&#8217;ombra evoquen la seva mirada, l’ànima, l’entusiasme, la creativitat i les llums i ombres d&#8217;aquesta gran artista.</p>
<p>&nbsp;</p>
<p><a href="http://jordinabiosca.com/wp-content/uploads/2016/09/14289896_193044507782516_4854757739985037149_o.jpg"><img loading="lazy" decoding="async" class="alignnone wp-image-670 size-full" src="http://jordinabiosca.com/wp-content/uploads/2016/09/14289896_193044507782516_4854757739985037149_o.jpg" alt="14289896_193044507782516_4854757739985037149_o" width="1181" height="664" srcset="https://jordinabiosca.com/wp-content/uploads/2016/09/14289896_193044507782516_4854757739985037149_o.jpg 1181w, https://jordinabiosca.com/wp-content/uploads/2016/09/14289896_193044507782516_4854757739985037149_o-300x169.jpg 300w, https://jordinabiosca.com/wp-content/uploads/2016/09/14289896_193044507782516_4854757739985037149_o-768x432.jpg 768w, https://jordinabiosca.com/wp-content/uploads/2016/09/14289896_193044507782516_4854757739985037149_o-1024x576.jpg 1024w" sizes="auto, (max-width: 1181px) 100vw, 1181px" /></a></p>
<p>&nbsp;</p>
<p>Des dels seus inicis, hem viscut l’evolució del treball de la Mercè i el seu art, tant participant amb la creació col·lectiva d’alguns dels seus, com d’altres tipus de col·laboracions, ajudanties, programacions i espectadores i fans de la seva feina.</p>
<p>L’Anna Subirana i la Sylvia Kuchinow vam participar en la creació de l’espectacle Trans Fugues que es va estrenar al Teatre Zorrilla a Badalona el 29 de Març de 1999. L’Anna també va col·laborar en la creació de la música de l’espectacle la Llum del vi.</p>
<p>&nbsp;</p>
<p><a href="http://jordinabiosca.com/wp-content/uploads/2016/09/GOST_24.jpg"><img loading="lazy" decoding="async" class="alignnone wp-image-677 size-full" src="http://jordinabiosca.com/wp-content/uploads/2016/09/GOST_24.jpg" width="1920" height="1080" srcset="https://jordinabiosca.com/wp-content/uploads/2016/09/GOST_24.jpg 1920w, https://jordinabiosca.com/wp-content/uploads/2016/09/GOST_24-300x169.jpg 300w, https://jordinabiosca.com/wp-content/uploads/2016/09/GOST_24-768x432.jpg 768w, https://jordinabiosca.com/wp-content/uploads/2016/09/GOST_24-1024x576.jpg 1024w" sizes="auto, (max-width: 1920px) 100vw, 1920px" /></a></p>
<p>&nbsp;</p>
<p>Per què hem volgut fer un espectacle-homenatge a la Mercè? Doncs perquè varem considerar que malgrat la seva gran qualitat artística, el seu treball era poc conegut. Volem que la gent recordi i gaudeixi de la tasca d’aquesta artista innovadora del teatre d’ombres. Això ha significat un gran repte. Amb humilitat hem creat aquest espectacle que ve acompanyat d’un vídeo i una exposició de la vida i l’obra de la Mercè Gost.</p>
<p>Per l’espectacle fem servir part de l’escenografia de Trans Fugues, objectes i algunes de les seves llums i lots.</p>
<p>Vam estrenar l’espectacle dins de l’àmbit del Festival EVA, En Veu Alta 2016 a les caves Jaume Giró Giró de Sant Sadurní d’Anoia, el poble on va néixer la Mercè.</p>
<p>&nbsp;</p>
[vc_masonry_media_grid element_width=»6&#8243; grid_id=»vc_gid:1515525805344-dcc1f81b-4144-1&#8243; include=»1255,1256,1258,1257,680,684,686,683&#8243;]

<!-- This site is optimized with the Yoast SEO plugin v25.3 - https://yoast.com/wordpress/plugins/seo/ -->
<title>Gost, La Mercè - Jordina Biosca</title>
<meta name="robots" content="index, follow, max-snippet:-1, max-image-preview:large, max-video-preview:-1" />
<link rel="canonical" href="https://jordinabiosca.com/es/portfolio/items/gost-la-merce/" />
<meta property="og:locale" content="es_ES" />
<meta property="og:type" content="article" />
<meta property="og:title" content="Gost, La Mercè - Jordina Biosca" />
<meta property="og:description" content="&nbsp; ESPECTACLE NO DISPONIBLE Actrius: Jordina Biosca (text), Sylvia Kuchinow (manipulació de la llum), Anna Subirana (cant) Públic: Adult i/o adolescent Durada: 1h (20’ expo i documental+ 40’ espectacle) Prèvia [&hellip;]" />
<meta property="og:url" content="https://jordinabiosca.com/es/portfolio/items/gost-la-merce/" />
<meta property="og:site_name" content="Jordina Biosca" />
<meta property="article:modified_time" content="2019-11-18T10:57:36+00:00" />
<meta property="og:image" content="https://jordinabiosca.com/wp-content/uploads/2016/09/14231988_193041494449484_6862615739403247348_o.jpg" />
	<meta property="og:image:width" content="1179" />
	<meta property="og:image:height" content="1179" />
	<meta property="og:image:type" content="image/jpeg" />
<meta name="twitter:card" content="summary_large_image" />
<meta name="twitter:label1" content="Tiempo de lectura" />
	<meta name="twitter:data1" content="2 minutos" />
<script type="application/ld+json" class="yoast-schema-graph">{"@context":"https://schema.org","@graph":[{"@type":"WebPage","@id":"https://jordinabiosca.com/es/portfolio/items/gost-la-merce/","url":"https://jordinabiosca.com/es/portfolio/items/gost-la-merce/","name":"Gost, La Mercè - Jordina Biosca","isPartOf":{"@id":"https://jordinabiosca.com/#website"},"primaryImageOfPage":{"@id":"https://jordinabiosca.com/es/portfolio/items/gost-la-merce/#primaryimage"},"image":{"@id":"https://jordinabiosca.com/es/portfolio/items/gost-la-merce/#primaryimage"},"thumbnailUrl":"https://jordinabiosca.com/wp-content/uploads/2016/09/14231988_193041494449484_6862615739403247348_o.jpg","datePublished":"2016-10-28T10:24:26+00:00","dateModified":"2019-11-18T10:57:36+00:00","breadcrumb":{"@id":"https://jordinabiosca.com/es/portfolio/items/gost-la-merce/#breadcrumb"},"inLanguage":"es","potentialAction":[{"@type":"ReadAction","target":["https://jordinabiosca.com/es/portfolio/items/gost-la-merce/"]}]},{"@type":"ImageObject","inLanguage":"es","@id":"https://jordinabiosca.com/es/portfolio/items/gost-la-merce/#primaryimage","url":"https://jordinabiosca.com/wp-content/uploads/2016/09/14231988_193041494449484_6862615739403247348_o.jpg","contentUrl":"https://jordinabiosca.com/wp-content/uploads/2016/09/14231988_193041494449484_6862615739403247348_o.jpg","width":1179,"height":1179},{"@type":"BreadcrumbList","@id":"https://jordinabiosca.com/es/portfolio/items/gost-la-merce/#breadcrumb","itemListElement":[{"@type":"ListItem","position":1,"name":"Portada","item":"https://jordinabiosca.com/es/"},{"@type":"ListItem","position":2,"name":"Gost, La Mercè"}]},{"@type":"WebSite","@id":"https://jordinabiosca.com/#website","url":"https://jordinabiosca.com/","name":"Jordina Biosca","description":"Narradora i Actriu","potentialAction":[{"@type":"SearchAction","target":{"@type":"EntryPoint","urlTemplate":"https://jordinabiosca.com/?s={search_term_string}"},"query-input":{"@type":"PropertyValueSpecification","valueRequired":true,"valueName":"search_term_string"}}],"inLanguage":"es"}]}</script>
<!-- / Yoast SEO plugin. -->

Gost, La Mercè - Jordina Biosca

&nbsp; ESPECTACLE NO DISPONIBLE Actrius: Jordina Biosca (text), Sylvia Kuchinow (manipulació de la llum), Anna Subirana (cant) Públic: Adult i/o adolescent Durada: 1h (20’ expo i documental+ 40’ espectacle) Prèvia [&hellip;]
