{"id":1315,"date":"2019-11-09T02:21:51","date_gmt":"2019-11-09T02:21:51","guid":{"rendered":"http:\/\/jordinabiosca.com\/?post_type=royal_portfolio&#038;p=1315"},"modified":"2019-11-09T02:34:13","modified_gmt":"2019-11-09T02:34:13","slug":"generalitat-de-catalunya-dgcptc","status":"publish","type":"royal_portfolio","link":"https:\/\/jordinabiosca.com\/es\/portfolio\/items\/generalitat-de-catalunya-dgcptc\/","title":{"rendered":"GENERALITAT DE CATALUNYA (DGCPTC)"},"content":{"rendered":"<div class=\"su-note\"  style=\"border-color:#c6c6c4;border-radius:3px;-moz-border-radius:3px;-webkit-border-radius:3px;\"><div class=\"su-note-inner su-u-clearfix su-u-trim\" style=\"background-color:#e0e0de;border-color:#ffffff;color:#333333;border-radius:3px;-moz-border-radius:3px;-webkit-border-radius:3px;\">\n<h2 style=\"text-align: center;\">Joan Amades, el CD<\/h2>\n<p>Producci\u00f3n del cd y selecci\u00f3n de leyendas, romances, juegos ling\u00fc\u00edsticos y trabalenguas del folklorista catal\u00e1n Joan Amades a ra\u00edz del 125\u00ba aniversario de nacimiento del autor. Colaboraci\u00f3n y Trabajo de campo conjuntamente con la Fundaci\u00f3 Joan Amades y dise\u00f1o y maquetaci\u00f3n del CD de la ilustradora Merc\u00e8 Gal\u00ed.<\/p>\n<p><strong>El Cd se present\u00f3 el 1 de diciembre del 2015\u00a0en el Born Centre Cultural de Barcelona<\/strong>, con la participaci\u00f3n de los mejores cuentistas y narradores del territorio: M\u00e0rius Serra, Domingo Chichilla, Assumpta Mercader y Jordina Biosca.<br \/>\nEl 6 de diciembre se adjuntaron 35.000 ejemplares del CD en el Diari ARA. La entrega del CD era gratuita con la compra del peri\u00f3dico. Actualmente se pueden descargar todos sus contenidos en la p\u00e1gina web <a href=\"http:\/\/eva354.com\/\" target=\"_blank\" rel=\"noopener noreferrer\">www.eva354.com<\/a><\/p>\n<\/div><\/div>\n<p>&nbsp;<\/p>\n<p><a href=\"http:\/\/jordinabiosca.com\/wp-content\/uploads\/2015\/09\/Tot-Esperant-lAmades.png\"><img loading=\"lazy\" decoding=\"async\" class=\"alignnone wp-image-504 size-full\" src=\"http:\/\/jordinabiosca.com\/wp-content\/uploads\/2015\/09\/Tot-Esperant-lAmades.png\" alt=\"Tot-Esperant-l'Amades\" width=\"600\" height=\"609\" srcset=\"https:\/\/jordinabiosca.com\/wp-content\/uploads\/2015\/09\/Tot-Esperant-lAmades.png 600w, https:\/\/jordinabiosca.com\/wp-content\/uploads\/2015\/09\/Tot-Esperant-lAmades-296x300.png 296w\" sizes=\"auto, (max-width: 600px) 100vw, 600px\" \/><\/a><\/p>\n<p>&nbsp;<\/p>\n<p><iframe loading=\"lazy\" src=\"https:\/\/w.soundcloud.com\/player\/?url=https%3A\/\/api.soundcloud.com\/playlists\/165971890&amp;color=ff5500&amp;auto_play=false&amp;hide_related=false&amp;show_comments=true&amp;show_user=true&amp;show_reposts=false\" width=\"100%\" height=\"450\" frameborder=\"no\" scrolling=\"no\" data-mce-fragment=\"1\"><\/iframe><\/p>\n","protected":false},"featured_media":1314,"comment_status":"open","ping_status":"closed","template":"","format":"standard","class_list":["post-1315","royal_portfolio","type-royal_portfolio","status-publish","format-standard","has-post-thumbnail","hentry","royal_portfolio_cats-clientes"],"yoast_head":"<!-- This site is optimized with the Yoast SEO plugin v25.3 - https:\/\/yoast.com\/wordpress\/plugins\/seo\/ -->\n<title>GENERALITAT DE CATALUNYA (DGCPTC) - Jordina Biosca<\/title>\n<meta name=\"robots\" content=\"index, follow, max-snippet:-1, max-image-preview:large, max-video-preview:-1\" \/>\n<link rel=\"canonical\" href=\"https:\/\/jordinabiosca.com\/es\/portfolio\/items\/generalitat-de-catalunya-dgcptc\/\" \/>\n<meta property=\"og:locale\" content=\"es_ES\" \/>\n<meta property=\"og:type\" content=\"article\" \/>\n<meta property=\"og:title\" content=\"GENERALITAT DE CATALUNYA (DGCPTC) - Jordina Biosca\" \/>\n<meta property=\"og:description\" content=\"&nbsp; &nbsp;\" \/>\n<meta property=\"og:url\" content=\"https:\/\/jordinabiosca.com\/es\/portfolio\/items\/generalitat-de-catalunya-dgcptc\/\" \/>\n<meta property=\"og:site_name\" content=\"Jordina Biosca\" \/>\n<meta property=\"article:modified_time\" content=\"2019-11-09T02:34:13+00:00\" \/>\n<meta property=\"og:image\" content=\"https:\/\/jordinabiosca.com\/wp-content\/uploads\/2015\/12\/cpcptc_c3.jpg\" \/>\n\t<meta property=\"og:image:width\" content=\"500\" \/>\n\t<meta property=\"og:image:height\" content=\"500\" \/>\n\t<meta property=\"og:image:type\" content=\"image\/jpeg\" \/>\n<meta name=\"twitter:card\" content=\"summary_large_image\" \/>\n<meta name=\"twitter:label1\" content=\"Tiempo de lectura\" \/>\n\t<meta name=\"twitter:data1\" content=\"1 minuto\" \/>\n<script type=\"application\/ld+json\" class=\"yoast-schema-graph\">{\"@context\":\"https:\/\/schema.org\",\"@graph\":[{\"@type\":\"WebPage\",\"@id\":\"https:\/\/jordinabiosca.com\/es\/portfolio\/items\/generalitat-de-catalunya-dgcptc\/\",\"url\":\"https:\/\/jordinabiosca.com\/es\/portfolio\/items\/generalitat-de-catalunya-dgcptc\/\",\"name\":\"GENERALITAT DE CATALUNYA (DGCPTC) - Jordina Biosca\",\"isPartOf\":{\"@id\":\"https:\/\/jordinabiosca.com\/#website\"},\"primaryImageOfPage\":{\"@id\":\"https:\/\/jordinabiosca.com\/es\/portfolio\/items\/generalitat-de-catalunya-dgcptc\/#primaryimage\"},\"image\":{\"@id\":\"https:\/\/jordinabiosca.com\/es\/portfolio\/items\/generalitat-de-catalunya-dgcptc\/#primaryimage\"},\"thumbnailUrl\":\"https:\/\/jordinabiosca.com\/wp-content\/uploads\/2015\/12\/cpcptc_c3.jpg\",\"datePublished\":\"2019-11-09T02:21:51+00:00\",\"dateModified\":\"2019-11-09T02:34:13+00:00\",\"breadcrumb\":{\"@id\":\"https:\/\/jordinabiosca.com\/es\/portfolio\/items\/generalitat-de-catalunya-dgcptc\/#breadcrumb\"},\"inLanguage\":\"es\",\"potentialAction\":[{\"@type\":\"ReadAction\",\"target\":[\"https:\/\/jordinabiosca.com\/es\/portfolio\/items\/generalitat-de-catalunya-dgcptc\/\"]}]},{\"@type\":\"ImageObject\",\"inLanguage\":\"es\",\"@id\":\"https:\/\/jordinabiosca.com\/es\/portfolio\/items\/generalitat-de-catalunya-dgcptc\/#primaryimage\",\"url\":\"https:\/\/jordinabiosca.com\/wp-content\/uploads\/2015\/12\/cpcptc_c3.jpg\",\"contentUrl\":\"https:\/\/jordinabiosca.com\/wp-content\/uploads\/2015\/12\/cpcptc_c3.jpg\",\"width\":500,\"height\":500},{\"@type\":\"BreadcrumbList\",\"@id\":\"https:\/\/jordinabiosca.com\/es\/portfolio\/items\/generalitat-de-catalunya-dgcptc\/#breadcrumb\",\"itemListElement\":[{\"@type\":\"ListItem\",\"position\":1,\"name\":\"Portada\",\"item\":\"https:\/\/jordinabiosca.com\/es\/\"},{\"@type\":\"ListItem\",\"position\":2,\"name\":\"GENERALITAT DE CATALUNYA (DGCPTC)\"}]},{\"@type\":\"WebSite\",\"@id\":\"https:\/\/jordinabiosca.com\/#website\",\"url\":\"https:\/\/jordinabiosca.com\/\",\"name\":\"Jordina Biosca\",\"description\":\"Narradora i Actriu\",\"potentialAction\":[{\"@type\":\"SearchAction\",\"target\":{\"@type\":\"EntryPoint\",\"urlTemplate\":\"https:\/\/jordinabiosca.com\/?s={search_term_string}\"},\"query-input\":{\"@type\":\"PropertyValueSpecification\",\"valueRequired\":true,\"valueName\":\"search_term_string\"}}],\"inLanguage\":\"es\"}]}<\/script>\n<!-- \/ Yoast SEO plugin. -->","yoast_head_json":{"title":"GENERALITAT DE CATALUNYA (DGCPTC) - Jordina Biosca","robots":{"index":"index","follow":"follow","max-snippet":"max-snippet:-1","max-image-preview":"max-image-preview:large","max-video-preview":"max-video-preview:-1"},"canonical":"https:\/\/jordinabiosca.com\/es\/portfolio\/items\/generalitat-de-catalunya-dgcptc\/","og_locale":"es_ES","og_type":"article","og_title":"GENERALITAT DE CATALUNYA (DGCPTC) - Jordina Biosca","og_description":"&nbsp; &nbsp;","og_url":"https:\/\/jordinabiosca.com\/es\/portfolio\/items\/generalitat-de-catalunya-dgcptc\/","og_site_name":"Jordina Biosca","article_modified_time":"2019-11-09T02:34:13+00:00","og_image":[{"width":500,"height":500,"url":"https:\/\/jordinabiosca.com\/wp-content\/uploads\/2015\/12\/cpcptc_c3.jpg","type":"image\/jpeg"}],"twitter_card":"summary_large_image","twitter_misc":{"Tiempo de lectura":"1 minuto"},"schema":{"@context":"https:\/\/schema.org","@graph":[{"@type":"WebPage","@id":"https:\/\/jordinabiosca.com\/es\/portfolio\/items\/generalitat-de-catalunya-dgcptc\/","url":"https:\/\/jordinabiosca.com\/es\/portfolio\/items\/generalitat-de-catalunya-dgcptc\/","name":"GENERALITAT DE CATALUNYA (DGCPTC) - Jordina Biosca","isPartOf":{"@id":"https:\/\/jordinabiosca.com\/#website"},"primaryImageOfPage":{"@id":"https:\/\/jordinabiosca.com\/es\/portfolio\/items\/generalitat-de-catalunya-dgcptc\/#primaryimage"},"image":{"@id":"https:\/\/jordinabiosca.com\/es\/portfolio\/items\/generalitat-de-catalunya-dgcptc\/#primaryimage"},"thumbnailUrl":"https:\/\/jordinabiosca.com\/wp-content\/uploads\/2015\/12\/cpcptc_c3.jpg","datePublished":"2019-11-09T02:21:51+00:00","dateModified":"2019-11-09T02:34:13+00:00","breadcrumb":{"@id":"https:\/\/jordinabiosca.com\/es\/portfolio\/items\/generalitat-de-catalunya-dgcptc\/#breadcrumb"},"inLanguage":"es","potentialAction":[{"@type":"ReadAction","target":["https:\/\/jordinabiosca.com\/es\/portfolio\/items\/generalitat-de-catalunya-dgcptc\/"]}]},{"@type":"ImageObject","inLanguage":"es","@id":"https:\/\/jordinabiosca.com\/es\/portfolio\/items\/generalitat-de-catalunya-dgcptc\/#primaryimage","url":"https:\/\/jordinabiosca.com\/wp-content\/uploads\/2015\/12\/cpcptc_c3.jpg","contentUrl":"https:\/\/jordinabiosca.com\/wp-content\/uploads\/2015\/12\/cpcptc_c3.jpg","width":500,"height":500},{"@type":"BreadcrumbList","@id":"https:\/\/jordinabiosca.com\/es\/portfolio\/items\/generalitat-de-catalunya-dgcptc\/#breadcrumb","itemListElement":[{"@type":"ListItem","position":1,"name":"Portada","item":"https:\/\/jordinabiosca.com\/es\/"},{"@type":"ListItem","position":2,"name":"GENERALITAT DE CATALUNYA (DGCPTC)"}]},{"@type":"WebSite","@id":"https:\/\/jordinabiosca.com\/#website","url":"https:\/\/jordinabiosca.com\/","name":"Jordina Biosca","description":"Narradora i Actriu","potentialAction":[{"@type":"SearchAction","target":{"@type":"EntryPoint","urlTemplate":"https:\/\/jordinabiosca.com\/?s={search_term_string}"},"query-input":{"@type":"PropertyValueSpecification","valueRequired":true,"valueName":"search_term_string"}}],"inLanguage":"es"}]}},"_links":{"self":[{"href":"https:\/\/jordinabiosca.com\/es\/wp-json\/wp\/v2\/royal_portfolio\/1315","targetHints":{"allow":["GET"]}}],"collection":[{"href":"https:\/\/jordinabiosca.com\/es\/wp-json\/wp\/v2\/royal_portfolio"}],"about":[{"href":"https:\/\/jordinabiosca.com\/es\/wp-json\/wp\/v2\/types\/royal_portfolio"}],"replies":[{"embeddable":true,"href":"https:\/\/jordinabiosca.com\/es\/wp-json\/wp\/v2\/comments?post=1315"}],"wp:featuredmedia":[{"embeddable":true,"href":"https:\/\/jordinabiosca.com\/es\/wp-json\/wp\/v2\/media\/1314"}],"wp:attachment":[{"href":"https:\/\/jordinabiosca.com\/es\/wp-json\/wp\/v2\/media?parent=1315"}],"curies":[{"name":"wp","href":"https:\/\/api.w.org\/{rel}","templated":true}]}}

<div class="su-note"  style="border-color:#c6c6c4;border-radius:3px;-moz-border-radius:3px;-webkit-border-radius:3px;"><div class="su-note-inner su-u-clearfix su-u-trim" style="background-color:#e0e0de;border-color:#ffffff;color:#333333;border-radius:3px;-moz-border-radius:3px;-webkit-border-radius:3px;">
<h2 style="text-align: center;">Joan Amades, el CD</h2>
<p>Producción del cd y selección de leyendas, romances, juegos lingüísticos y trabalenguas del folklorista catalán Joan Amades a raíz del 125º aniversario de nacimiento del autor. Colaboración y Trabajo de campo conjuntamente con la Fundació Joan Amades y diseño y maquetación del CD de la ilustradora Mercè Galí.</p>
<p><strong>El Cd se presentó el 1 de diciembre del 2015 en el Born Centre Cultural de Barcelona</strong>, con la participación de los mejores cuentistas y narradores del territorio: Màrius Serra, Domingo Chichilla, Assumpta Mercader y Jordina Biosca.<br />
El 6 de diciembre se adjuntaron 35.000 ejemplares del CD en el Diari ARA. La entrega del CD era gratuita con la compra del periódico. Actualmente se pueden descargar todos sus contenidos en la página web <a href="http://eva354.com/" target="_blank" rel="noopener noreferrer">www.eva354.com</a></p>
</div></div>
<p>&nbsp;</p>
<p><a href="http://jordinabiosca.com/wp-content/uploads/2015/09/Tot-Esperant-lAmades.png"><img loading="lazy" decoding="async" class="alignnone wp-image-504 size-full" src="http://jordinabiosca.com/wp-content/uploads/2015/09/Tot-Esperant-lAmades.png" alt="Tot-Esperant-l'Amades" width="600" height="609" srcset="https://jordinabiosca.com/wp-content/uploads/2015/09/Tot-Esperant-lAmades.png 600w, https://jordinabiosca.com/wp-content/uploads/2015/09/Tot-Esperant-lAmades-296x300.png 296w" sizes="auto, (max-width: 600px) 100vw, 600px" /></a></p>
<p>&nbsp;</p>
<p><iframe loading="lazy" src="https://w.soundcloud.com/player/?url=https%3A//api.soundcloud.com/playlists/165971890&amp;color=ff5500&amp;auto_play=false&amp;hide_related=false&amp;show_comments=true&amp;show_user=true&amp;show_reposts=false" width="100%" height="450" frameborder="no" scrolling="no" data-mce-fragment="1"></iframe></p>
